Suppose 9*v - 35 = w*v. Suppose 3*g + 36 = v*g. Is g prime?
False
Let s(v) = 545*v + 38. Is s(13) composite?
True
Is (4 + 1)*((-974619)/(-45) + 8) composite?
True
Is ((-6)/4)/((-42)/1055348) prime?
True
Let s(f) = -1981*f - 7. Let k be s(-1). Let g = -1121 + k. Is g prime?
True
Suppose 18224 + 3531 = 5*r. Is r composite?
True
Let i(r) = 38*r**3 - r**2 - 2*r - 1. Let c be i(2). Suppose 4*b - 273 = c. Is b composite?
True
Let s be (4 - (-36)/(-8))*0. Suppose 2*y - 370 = -s*y. Is y a composite number?
True
Let f be (-44)/(-12) - (-4)/(-6). Is f*4/(-12) - -1212 a prime number?
False
Suppose 38*w - 33*w - 29905 = 0. Is w a composite number?
False
Suppose 0 = -9*a + 1098 + 1701. Let p = a - 180. Is p composite?
False
Let k be -3 + (-4)/((-4)/3). Suppose 4*x + 12 = -k. Is x/4*34*-2 a prime number?
False
Let z be 49*(4 - 5)*-1. Suppose -3*i - 3*x + 58 = 10, -4*i - x = -z. Is (i + -14)*(-230)/6 composite?
True
Suppose -3*i + 5*i = 0. Suppose 0 = -4*j + 3*w + 37, 5*j - 10*j - 2*w = -29. Suppose i = m - 30 - j. Is m prime?
True
Let v = 21660 + -11255. Is v prime?
False
Suppose -4*x = -3*q + 1338, -2*x + q + 2*q = 666. Let o = x + 480. Let m = 398 - o. Is m a composite number?
True
Let i(y) = 1 + 0 + y + 1 + 7. Let d be i(-7). Suppose 2*l - d - 6 = 0, 133 = b + l. Is b composite?
True
Let s = 22 - 53. Let x = -28 - s. Suppose 0 = a - 2*o - 13, -x*o = a - 0*a - 33. Is a prime?
False
Is 3 - 3/(((-30)/376)/5) a prime number?
True
Let s(h) be the second derivative of -h**5/20 + h**4 + 8*h**3/3 - h**2/2 + 4*h. Let k be s(13). Let o = 179 - k. Is o composite?
True
Let y(c) = 51*c**2 - 10*c + 10. Let q(m) = -m + 1. Let t(u) = -5*q(u) + y(u). Is t(2) a prime number?
True
Let f = -15820 + 24567. Is f composite?
False
Let d(v) = 24*v - 1. Let z be d(1). Let h = -787 + 785. Let r = h + z. Is r composite?
True
Let v(g) = -g**3 - 24*g**2 - g - 20. Let t be v(-24). Let m(b) = 122*b - 9. Is m(t) composite?
False
Suppose 6 = 7*b - 15. Suppose -8*i + b*i + 1335 = 0. Is i composite?
True
Let d = -387 + 2069. Suppose -d = -6*x + 9976. Is x a prime number?
False
Suppose -77305 = -6*r + 66857. Is r composite?
True
Suppose -1393 = -2*r + 345. Is r composite?
True
Let o = -14847 + 42565. Is o a prime number?
False
Let t = -26 + 36. Let q be (t/(-4))/(8/(-1616)). Suppose -q = -p + 228. Is p prime?
True
Suppose n = -3*w + 12463, 5*n - 2*w + 4*w - 62263 = 0. Is n a composite number?
False
Is 469756/12 + -3*(-12)/(-27) a prime number?
False
Suppose 0 = 4*u - 3*l - 1619, 1640 = 4*u + 4*l - 0*l. Is u a composite number?
True
Let i = 5413 + 402. Suppose -3*r + l = -i, 2*r + 4*l - 8*l = 3890. Is r a composite number?
True
Suppose 10 = -5*r, 2*h = 4*h - r - 38. Let t = -17 + h. Suppose -5*g - 3*s + 173 = 0, 4*s + t - 5 = 0. Is g a prime number?
False
Let r be (-1)/(-2)*6 + 496. Suppose -144 = 2*t - 5*t. Let u = r + t. Is u a prime number?
True
Suppose 3*x - 43 = 428. Suppose 5*h - x = 4*h. Is h a composite number?
False
Let z(o) = 974*o**3 - 8*o**2 - 3*o + 4. Let x(s) = -1949*s**3 + 15*s**2 + 5*s - 7. Let v(m) = -6*x(m) - 11*z(m). Is v(1) a composite number?
True
Suppose -17*o = -4*o - 2743. Is o prime?
True
Let g(s) = 1069*s**2 - 23*s + 71. Is g(9) a composite number?
False
Let x = 827 - 391. Suppose o + x = 4*p, -5*o = -10*p + 5*p + 530. Suppose 3*a = -4*h + 8*h + p, 3*a + 4*h = 118. Is a a composite number?
True
Let k(q) = 2*q**2 + 11*q + 5. Suppose -3*o - c - 24 = -6*o, 0 = 2*c. Is k(o) a composite number?
True
Suppose 36 = 4*b - 2916. Let r be (-443)/(4*3/12). Let m = r + b. Is m composite?
True
Let q = -39565 + 66104. Is q a composite number?
False
Suppose -15142 = -22*x + 22720. Is x prime?
True
Suppose -2*p + 15 + 1309 = 0. Is p a prime number?
False
Let c = -80 - -85. Suppose 0 = -c*d + i + 44910, -17937 = 3*d - 5*d - 5*i. Is d a composite number?
True
Let a(z) = -9206*z + 67. Is a(-2) composite?
True
Suppose 0 = 18*p - 985755 + 123321. Is p a prime number?
False
Let z(g) = g**3 + 4*g**2 - 20*g + 12. Let k be z(-7). Suppose -p = 4*s - 469, -3*p - p + k*s = -1771. Is p composite?
False
Let u(m) = -320*m - 36. Let g be u(-6). Suppose -w = -2*w + 2. Is (w/(-6))/((-4)/g) a prime number?
True
Let h(u) = u**3 - 6*u**2 - 7*u + 2. Let o be h(7). Let k be (o/3)/((-3)/(-648)). Let j = 241 - k. Is j a composite number?
False
Let s = 10 - 6. Let z(a) = 5*a**2 + 5*a + 20. Let r be z(-9). Suppose -3*f - 5*i = -568, -6*i = 2*f - s*i - r. Is f a composite number?
False
Let q be 4/10 - 8/(-5). Suppose p = q*u - 34 - 563, 2*u = 4. Let x = p + 850. Is x a prime number?
True
Is 18807/((4/4)/1) a prime number?
False
Let a = -1043 - -3812. Suppose -z + a - 992 = 0. Is z composite?
False
Let m be 16/6 + 8/24. Let b be 18/12 + m/2. Suppose -b*h = 3*q - q - 163, 412 = 5*q + 3*h. Is q a prime number?
True
Suppose -y + 1 + 4 = 0, 121 = 2*z + y. Let o = 123 - z. Is o composite?
True
Let a = 1131 - 630. Suppose 2*n - 151 - a = 0. Is n a prime number?
False
Let v = 19 + 91. Let z = 172 + -103. Let x = z + v. Is x a composite number?
False
Let p(s) = 2*s**2 + 15*s - 19. Let r = -4 - 12. Is p(r) prime?
False
Let n(k) = 39*k + 1. Let h be n(-2). Let r(o) = 13*o**2 - 3*o + 2. Let y be r(-4). Let c = h + y. Is c a prime number?
False
Let k be -3 - -1 - (-4 - -2). Let i = -23 + 27. Suppose 5*j - 3*f - 14 = k, -i*j = -f - 20 + 6. Is j prime?
False
Let o = 10 - 14. Let x be (16/(-6))/(o/6). Suppose -2*n + c = 3*c - 62, x*c = n - 31. Is n prime?
True
Let y(x) be the third derivative of x**6/120 + 11*x**5/60 - x**4/24 - 13*x**3/6 - 8*x**2. Is y(-10) composite?
False
Let b(j) = 10*j - 11. Let p be b(9). Let v = p - -90. Is v composite?
True
Suppose 27*t = 7*t + 160. Suppose -934 = -t*f + 978. Is f prime?
True
Let w be (-4)/(-6) + 604/12. Let s = 117 - w. Let m = 113 - s. Is m a prime number?
True
Suppose -7*f + 4 = -8*f. Is (f/12)/(1/(-642)) + -3 a composite number?
False
Suppose x = -5631 + 25996. Is x a prime number?
False
Is (27/36)/(3/152) a prime number?
False
Suppose 3*s = -v + 402, -v - 2*s + 422 = -4*s. Let i be ((-24)/(-36))/((-2)/v). Let t = i - -265. Is t a composite number?
False
Let t = 605 - -1754. Is t composite?
True
Let y(b) = b - 8. Let h be y(10). Suppose 3*l - 1758 = -2*x - x, 3*x - 1753 = -h*l. Is x a composite number?
True
Suppose -2*h - 152320 - 79692 = -2*p, -4*h = -12. Is p a prime number?
True
Let h = 8 - 5. Suppose -3*i - h*u = -u + 2, -16 = 2*i + 5*u. Suppose -i*z - z = -33. Is z composite?
False
Let i(d) = -63*d**3 + d**2 - d - 1. Let g be i(-1). Suppose -g = 3*b - 19. Let o = 22 - b. Is o a composite number?
False
Let m = 24 + -37. Let n = 69 - m. Is n a composite number?
True
Let t(r) = 20*r**3 - 12*r**2 - 54*r + 99. Let b(m) = 7*m**3 - 4*m**2 - 18*m + 33. Let h(u) = -17*b(u) + 6*t(u). Is h(10) a prime number?
False
Let h be 1/8 + (-124)/(-32). Suppose -a = h*a. Suppose -26 = -i + 4*g - 5*g, a = 2*i + g - 47. Is i composite?
True
Is 3734/(((-8)/7)/(-4)) prime?
False
Suppose -s = 2*g + 3*s + 4, 2*s = -3*g + 10. Suppose u + 1910 = g*u + 3*f, -3*u - 2*f + 1146 = 0. Suppose 13*j - u = 11*j. Is j prime?
True
Let r = -60 - -55. Is ((-74)/r)/((-24)/(-60)) a composite number?
False
Suppose -29*z + 32*z = -2*l + 157017, -3*l = 0. Is z a prime number?
False
Let y be (-6)/(-45) + 4/(-30). Suppose -c = -y*c - 3. Suppose -2*g - c*g - 1003 = -3*a, 0 = -5*g + 20. Is a composite?
True
Let g(c) = -640*c - 5. Let p(t) = 1. Let w(d) = -g(d) + 6*p(d). Let r be w(-8). Is 4/10 - r/15 a composite number?
True
Let w = -74 - -144. Is (5/(-10))/((-1)/w) a composite number?
True
Let n(o) = -81*o + 19. Let a be (-24*4/(-6))/((-5)/5). Is n(a) a prime number?
False
Suppose 3*j = -4*o - o - 11, 20 = -5*o. Suppose 0 = j*r - 1371 - 468. Is r a prime number?
True
Suppose 15*p = 13*p + 210. Let i = p - -118. Is i a prime number?
True
Suppose 19*g + 19 = -133. Let o(x) = -2*x**3 - x**2 - 13*x + 18. Is o(g) composite?
True
Is -3 + ((-277632)/(-3))/6 prime?
False
Let t be (18/27)/((-2)/(-45)). Suppose g - 3*u + 0 = -1, -5*g - 5*u + t = 0. Suppose -2*q + 844 = g*q. Is q a composite number?
False
Suppose -17*i - 17*i = -580618. Is i a prime number?
True
Suppose -t + 6*t = 0. Suppose t = -5*m - 5*i + 2060, 5*m = -0*i - i + 2064. Is m a prime number?
False
Let n(q) = -2 - 5*q**2 - 5*q + 10*q**2 - 1 - 1. Let g be n(-6). Is (